 l(b) = -3*b**2 + 4*b - 2. Let m(y) = -k(y) + l(y). Let g = 0 + -5. What is the units digit of m(g)?
4
Let i(h) = -16*h - 9. What is the tens digit of i(-4)?
5
Let c(r) = -16*r + 27. What is the units digit of c(-6)?
3
Suppose 5*g - p + 25 = 0, -4*p + 7 + 3 = -5*g. What is the units digit of -1 + 47 - g/(-3)?
4
Suppose 0*x + 3*x = 15. Suppose 3*s - 25 = -5*k, 4*k - 25 = -k + x*s. Suppose -3*d + g + 19 = 0, -k*g + 1 = 2*d + 11. What is the units digit of d?
5
Let h = -45 - -63. Suppose m - 13 = h. What is the tens digit of m?
3
Let n be (-4 + 2)*1 - -26. Suppose -c + n = 2*c. What is the units digit of c?
8
Suppose 0 = -5*u + 88 - 288. Let g = u + 58. What is the tens digit of g?
1
Let s be (-12)/54 - 40/(-18). Suppose -6 = -3*u + s*u. Let k(t) = -t + 8. What is the units digit of k(u)?
2
Let j(k) = 0*k - k + 7 + k**2 + 6*k. Suppose 0 = -p - 5 - 0. What is the units digit of j(p)?
7
Let k = -1 - -4. Suppose -t = -2*t - b + 5, 0 = k*t - 5*b - 7. Suppose -3*u + 12 = 3*o, t*o + 3*u - 19 = -0*u. What is the units digit of o?
7
Let z(a) = -3*a + 1. Let o be z(3). Let p = 10 + o. Suppose 4*f - 14 - p = 0, -4*u - 5*f = -52. What is the units digit of u?
8
Let b be 0/(-1)*(-5)/(-5). Suppose 5*n - 6 + 1 = b. What is the units digit of n?
1
What is the units digit of (-4)/(12/(-105)) + -2?
3
Let u(l) = 2*l**3 - 9*l**2 + 15*l - 9. What is the units digit of u(4)?
5
Let n = -3 - -40. What is the tens digit of n?
3
Let c(z) = z - 5. Let p be c(5). Let k be -6 + -2*(-1 - p). Let f = 20 + k. What is the units digit of f?
6
Suppose 0 = 3*q - 3*p - 477, 5*q + 17*p - 811 = 14*p. What is the hundreds digit of q?
1
Let a(g) = -g**3 + 4*g**2 + 5*g + 3. Let d(x) = -x**2 - 5*x - 1. Let r be d(-2). Let c be a(r). Let q = -2 + c. What is the units digit of q?
1
Let v = -6 + 6. Suppose 3*u + v*u = 30. What is the units digit of u?
0
Suppose 2*l = 3*l - 2. Suppose l*n = 7*n - 15. Suppose -n = -m + 4. What is the units digit of m?
7
Let t(n) be the second derivative of n**5/20 + 2*n**4/3 - 11*n**3/6 - 6*n**2 - 3*n. Let k be t(-9). What is the tens digit of 1*(12 - k/(-2))?
1
Let n = -51 - -96. What is the tens digit of n?
4
What is the hundreds digit of (-2)/(-5) - (-3)/15*598?
1
What is the units digit of 20/50*13*-2*-5?
2
Let z = 3 - -3. Suppose -23 - 21 = -4*w - 5*c, -55 = -5*w + 2*c. Let t = w - z. What is the units digit of t?
5
Suppose -3*c = 4*u - 217, 0*u - c - 153 = -3*u. What is the tens digit of u?
5
Suppose -m + 3*b - 4*b + 3 = 0, -5*m - 2*b = 0. Let t = 15 + m. What is the tens digit of t?
1
Let p = 1 - 41. Let u = -24 - p. What is the tens digit of u?
1
Suppose -7*f = -3*f - 56. What is the tens digit of f?
1
Let z(a) = -18*a + 17. What is the tens digit of z(-5)?
0
Let a = 189 + -47. What is the tens digit of a?
4
Let s(m) = m**3 + m**2 + m + 63. What is the tens digit of s(0)?
6
Suppose -y + 3 = 2*g, -3*y + 3 - 10 = -2*g. Let q = g + 0. What is the units digit of 4 - (0/1)/q?
4
Suppose -4*b - 2 = -5*w + 13, -4*w = -3*b - 11. Let c = 5 + b. Suppose 5*v - 2*l + l - 30 = c, -2*v + 12 = -2*l. What is the units digit of v?
6
Suppose -6*v - 16 = -v - 4*r, -2*r + 8 = 2*v. Suppose -2*y - 10 = 0, v = g + 5*y + 14 + 5. Suppose p = g - 5. What is the units digit of p?
1
Let h = -49 - -33. What is the units digit of 4/h*-2*74?
7
Let n(o) = -2*o**3 - 11*o**2 - 9*o - 6. What is the tens digit of n(-5)?
1
Let q = -36 - -11. Let h be (-130)/q - (-1)/(-5). Suppose h*j - 12 = j. What is the units digit of j?
3
Let g(l) = -l**2 + 5*l + 2. Let i be g(5). Suppose -3*f + 4 = -i. What is the units digit of f?
2
Let b be (7/(-7))/((-1)/151). Suppose b = 4*s + 3*x, -20 = -x - 3*x. What is the units digit of s?
4
Suppose 4*m + 12 = 0, 4*m - 6 = 2*f + 2. Let k = -5 - f. What is the units digit of k?
5
Let z(b) = b - 20. Let c be z(9). Let j = c - -18. What is the units digit of j?
7
Let f(a) = -a**2 + 5*a + 5. What is the units digit of f(5)?
5
Let c be -1*((-4)/(-2) + -2). Let r(v) = -v. Let f be r(c). Suppose 5*i + 2*s - 18 = 8, f = 2*i - 4*s + 4. What is the units digit of i?
4
Suppose 146 = 3*t + 32. What is the tens digit of t?
3
Suppose m = 7*m - 210. What is the units digit of m?
5
Let a(c) = -c - 6. Let p be a(7). Let q = -5 - p. What is the units digit of q?
8
Let a = -43 + 111. What is the units digit of a?
8
Let q(m) = -m + 15. What is the units digit of q(0)?
5
Let d(u) = -u**2 - u - 2. Let s be d(-2). Let y(h) = h**3 + 4*h**2 - h + 1. What is the units digit of y(s)?
5
Suppose 0 = -2*r - 0*r - 4*c - 10, -3*r - c = 0. What is the units digit of -38*1/(-3 + r)?
9
Let h = -4 - -3. Let y(m) be the first derivative of 7*m**3 - m**2/2 - m - 9. What is the units digit of y(h)?
1
Let z be 2/(0 - -2) + -3. What is the units digit of z*(-1)/(6/111)?
7
Let o(c) = -c + 9. Let r be o(7). Suppose 0*m - 6 = r*m. Let z(d) = -5*d + 3. What is the units digit of z(m)?
8
Suppose 9*s - 534 = 3*s. What is the units digit of s?
9
Let u be (-12)/(-1) - (7 - 7). Suppose p = -4*i - 4, 2*i = p - 2*i - u. What is the tens digit of 86/6 - p/12?
1
Let l(i) = -i**3 + 8*i**2 + 10*i - 10. Let o be l(9). Let x = 16 + o. What is the units digit of x?
5
Suppose 7*z - 12*z = 35. Let s = 6 - z. What is the units digit of s?
3
Let c(w) = w**3 + 2*w**2 - w. Let a be c(-2). Suppose 0*q + a*q = -2. What is the units digit of 8/(q - -4 - 1)?
4
Let b = 54 - 1. Suppose 0 = 5*k - 10*k - 5, 5*k + b = 2*n. What is the tens digit of n?
2
Suppose -8 = 2*b - 0. What is the tens digit of (-6 - b)/(1/(-14))?
2
Suppose 0*x = -5*x + 115. Let k = x + 2. What is the units digit of k?
5
Suppose 3 = 5*m + 13, -119 = 5*v - 3*m. Let a = v + 38. What is the tens digit of a?
1
Let b(d) = 5*d**2 - 3*d + 2. Let x be b(2). Suppose -145 = -21*q + x*q. What is the units digit of q?
9
Let i(c) = -8*c - 2. Let p be i(-6). Let s = -2 + p. What is the tens digit of s?
4
Suppose 47*q - 46*q = 62. What is the tens digit of q?
6
Let f(r) = -r + 13. Let u be f(0). Let s = -12 + u. What is the units digit of s?
1
Let n(o) be the second derivative of -o**4/12 + 4*o**3/3 - 2*o**2 - 4*o. Suppose 0 = -5*k + 2*u + 31, 4*k = 3*u + 3 + 26. What is the units digit of n(k)?
1
Let v be (-52)/8 + (-1)/(-2). Suppose b - 2*c - 2 = 0, 3*b + 4 = -3*c + 4*c. Let o = b - v. What is the units digit of o?
4
Let r(f) = -f**2 + f + 9. Let c be 0/((-2)/4*2). What is the units digit of r(c)?
9
Let n = -20 - -5. Let m = n - -27. What is the units digit of m?
2
Let p(o) = 2*o - 5. What is the units digit of p(7)?
9
Let i = 76 + -30. Suppose -w = -2, 0 - i = -2*q - 2*w. Suppose -4*n - 5 = -q. What is the units digit of n?
4
Let a(i) be the first derivative of i**4/4 - i**3/3 - i**2 - 2*i - 1. What is the units digit of a(3)?
0
Suppose -2*j + 78 = -4*d, j + 5*d - d - 9 = 0. What is the tens digit of j?
2
Let u = -19 + 42. Let s = u + -16. What is the units digit of s?
7
Suppose -4*m - 3 = -4*j + m, -4*m + 55 = 5*j. What is the units digit of j?
7
Suppose 25 + 2 = -3*a. Let n(z) = z**2 + 4*z - 10. Let b be n(a). Let k = b + -18. What is the tens digit of k?
1
Let i = -5 - -3. Let r = 6 + i. What is the units digit of r?
4
Suppose 0 = -2*z - 0*z. Let g(f) = -f**2 - 7*f - 6. Let u be g(-6). Suppose -r + z*r + 9 = u. What is the units digit of r?
9
What is the units digit of (-100)/(-6)*(-432)/(-40)?
0
Let q be 1 - (-2)/2*-1. Suppose q = -5*w - 13 + 3. What is the units digit of -1*(w - (1 + -2))?
1
Let z(l) = -l**3 + 14*l**2 - 9*l - 16. What is the units digit of z(12)?
4
Suppose -s + 4*v = -17 - 2, 5*s = 4*v + 31. What is the units digit of s?
3
Let c(k) = -k**2 + 5*k - 11. Let n be c(6). Let o = n + 29. What is the tens digit of o?
1
What is the tens digit of (5/2)/(((-3)/3)/(-54))?
3
Let l(o) = -9*o - 5. Let y be l(-7). Suppose y - 18 = 5*a. Let s = 13 - a. What is the units digit of s?
5
Suppose 2*f + 2 = 0, -2*t - f + 21 = -0*t. What is the units digit of t - (-1)/((-2)/6)?
8
Let p(i) = -2*i + 11. Let w be p(-10). Suppose 0*f - 4*v + w = 5*f, f - 8 = v. What is the units digit of f?
7
Let i = -1 - -82. Suppose -3*s = 24 - i. Suppose s = 3*d - 2. What is the units digit of d?
7
Suppose 0 = 2*i - 18 + 50. Let x be -1 + -1*(0 + 5). What is the tens digit of (x - i)/(2 + -1)?
1
Let l(c) = 2*c - 3. Let s be l(2). What is the units digit of (-2)/(-4)*(s - -13)?
7
Suppos